{"id":1507,"date":"2019-01-03T16:16:13","date_gmt":"2019-01-03T18:16:13","guid":{"rendered":"https:\/\/www.iprade.com.br\/portal\/wp-content\/uploads\/2019\/01\/diplomacao2.jpg"},"modified":"2019-01-03T16:17:12","modified_gmt":"2019-01-03T18:17:12","slug":"esta-imagem-e-parte-do-fundo-agencia-nacional-serie-fot-subserie","status":"inherit","type":"attachment","link":"https:\/\/www.iprade.com.br\/portal\/tse-expede-diplomas-a-presidentes-eleitos-desde-1946\/esta-imagem-e-parte-do-fundo-agencia-nacional-serie-fot-subserie\/","title":{"rendered":"Esta imagem \u00e9 parte do Fundo Ag\u00eancia Nacional S\u00e9rie FOT Subs\u00e9rie"},"author":2,"comment_status":"open","ping_status":"closed","template":"","meta":{"_et_pb_use_builder":"","_et_pb_old_content":"","_et_gb_content_width":""},"description":{"rendered":"<p class=\"attachment\"><a href='https:\/\/www.iprade.com.br\/portal\/wp-content\/uploads\/2019\/01\/diplomacao2.jpg'><img width=\"300\" height=\"145\" src=\"https:\/\/www.iprade.com.br\/portal\/wp-content\/uploads\/2019\/01\/diplomacao2-300x145.jpg\" class=\"attachment-medium size-medium\" alt=\"\" loading=\"lazy\" srcset=\"https:\/\/www.iprade.com.br\/portal\/wp-content\/uploads\/2019\/01\/diplomacao2-300x145.jpg 300w, https:\/\/www.iprade.com.br\/portal\/wp-content\/uploads\/2019\/01\/diplomacao2.jpg 620w\" sizes=\"(max-width: 300px) 100vw, 300px\" \/><\/a><\/p>\n"},"caption":{"rendered":"<p>Caf\u00e9 Filho, ao lado de Get\u00falio Vargas, discursa durante a cerim\u00f4nia de diploma\u00e7\u00e3o da elei\u00e7\u00e3o de 1950, 27.1.1951, Arquivo Nacional. Esta imagem \u00e9 parte do Fundo Ag\u00eancia Nacional S\u00e9rie FOT Subs\u00e9rie PRP.<\/p>\n"},"alt_text":"","media_type":"image","mime_type":"image\/jpeg","media_details":{"width":620,"height":300,"file":"2019\/01\/diplomacao2.jpg","sizes":{"thumbnail":{"file":"diplomacao2-150x150.jpg","width":150,"height":150,"mime_type":"image\/jpeg","source_url":"https:\/\/www.iprade.com.br\/portal\/wp-content\/uploads\/2019\/01\/diplomacao2-150x150.jpg"},"medium":{"file":"diplomacao2-300x145.jpg","width":300,"height":145,"mime_type":"image\/jpeg","source_url":"https:\/\/www.iprade.com.br\/portal\/wp-content\/uploads\/2019\/01\/diplomacao2-300x145.jpg"},"et-pb-post-main-image":{"file":"diplomacao2-400x250.jpg","width":400,"height":250,"mime_type":"image\/jpeg","source_url":"https:\/\/www.iprade.com.br\/portal\/wp-content\/uploads\/2019\/01\/diplomacao2-400x250.jpg"},"et-pb-portfolio-image":{"file":"diplomacao2-400x284.jpg","width":400,"height":284,"mime_type":"image\/jpeg","source_url":"https:\/\/www.iprade.com.br\/portal\/wp-content\/uploads\/2019\/01\/diplomacao2-400x284.jpg"},"et-pb-portfolio-module-image":{"file":"diplomacao2-510x300.jpg","width":510,"height":300,"mime_type":"image\/jpeg","source_url":"https:\/\/www.iprade.com.br\/portal\/wp-content\/uploads\/2019\/01\/diplomacao2-510x300.jpg"},"et-pb-gallery-module-image-portrait":{"file":"diplomacao2-400x300.jpg","width":400,"height":300,"mime_type":"image\/jpeg","source_url":"https:\/\/www.iprade.com.br\/portal\/wp-content\/uploads\/2019\/01\/diplomacao2-400x300.jpg"},"full":{"file":"diplomacao2.jpg","width":620,"height":300,"mime_type":"image\/jpeg","source_url":"https:\/\/www.iprade.com.br\/portal\/wp-content\/uploads\/2019\/01\/diplomacao2.jpg"}},"image_meta":{"aperture":"0","credit":"Arquivo Nacional","camera":"","caption":"Esta imagem \u00e9 parte do Fundo Ag\u00eancia Nacional S\u00e9rie FOT Subs\u00e9rie PRP\rCaf\u00e9 Filho, ao lado de Get\u00falio Vargas, discursa durante a cerim\u00f4nia de diploma\u00e7\u00e3o da elei\u00e7\u00e3o de 1950, 27.1.1951\rArquivo Nacional","created_timestamp":"0","copyright":"","focal_length":"0","iso":"0","shutter_speed":"0","title":"Esta imagem \u00e9 parte do Fundo Ag\u00eancia Nacional S\u00e9rie FOT Subs\u00e9rie","orientation":"0","keywords":["Ag\u00eancia Nacional","Arquivo Nacional","BNDES","Projeto \u00c2ncora","Subs\u00e9rie PRP","S\u00e9rie FOT"]}},"post":1505,"source_url":"https:\/\/www.iprade.com.br\/portal\/wp-content\/uploads\/2019\/01\/diplomacao2.jpg","_links":{"self":[{"href":"https:\/\/www.iprade.com.br\/portal\/wp-json\/wp\/v2\/media\/1507"}],"collection":[{"href":"https:\/\/www.iprade.com.br\/portal\/wp-json\/wp\/v2\/media"}],"about":[{"href":"https:\/\/www.iprade.com.br\/portal\/wp-json\/wp\/v2\/types\/attachment"}],"author":[{"embeddable":true,"href":"https:\/\/www.iprade.com.br\/portal\/wp-json\/wp\/v2\/users\/2"}],"replies":[{"embeddable":true,"href":"https:\/\/www.iprade.com.br\/portal\/wp-json\/wp\/v2\/comments?post=1507"}]}}

Esta imagem é parte do Fundo Agência Nacional Série FOT Subsérie

<p>Café Filho, ao lado de Getúlio Vargas, discursa durante a cerimônia de diplomação da eleição de 1950, 27.1.1951, Arquivo Nacional. Esta imagem é parte do Fundo Agência Nacional Série FOT Subsérie PRP.</p>

Esta imagem é parte do Fundo Agência Nacional Série FOT Subsérie PRPCafé Filho, ao lado de Getúlio Vargas, discursa durante a cerimônia de diplomação da eleição de 1950, 27.1.1951Arquivo Nacional

Agência Nacional

Projeto Âncora

Subsérie PRP

Série FOT
