{"id":55,"date":"2017-09-15T22:40:59","date_gmt":"2017-09-15T22:40:59","guid":{"rendered":"https:\/\/www.iprade.com.br\/portal\/?page_id=55"},"modified":"2026-04-04T14:38:03","modified_gmt":"2026-04-04T17:38:03","slug":"diretoria","status":"publish","type":"page","link":"https:\/\/www.iprade.com.br\/portal\/diretoria\/","title":{"rendered":"Diretoria"},"content":{"rendered":"<p>[et_pb_section fb_built=&#8221;1&#8243; fullwidth=&#8221;on&#8221; _builder_version=&#8221;4.16&#8243; background_image=&#8221;https:\/\/www.iprade.com.br\/portal\/wp-content\/uploads\/2017\/09\/topo-paginas.png&#8221; global_colors_info=&#8221;{}&#8221;][et_pb_fullwidth_header title=&#8221;DIRETORIA&#8221; text_orientation=&#8221;center&#8221; _builder_version=&#8221;4.16&#8243; title_font=&#8221;|on||on|&#8221; background_color=&#8221;rgba(255, 255, 255, 0)&#8221; custom_padding=&#8221;25px||25px|&#8221; animation_style=&#8221;fade&#8221; button_one_letter_spacing_hover=&#8221;0&#8243; button_two_letter_spacing_hover=&#8221;0&#8243; global_colors_info=&#8221;{}&#8221; button_one_text_size__hover_enabled=&#8221;off&#8221; button_one_text_size__hover=&#8221;null&#8221; button_two_text_size__hover_enabled=&#8221;off&#8221; button_two_text_size__hover=&#8221;null&#8221; button_one_text_color__hover_enabled=&#8221;off&#8221; button_one_text_color__hover=&#8221;null&#8221; button_two_text_color__hover_enabled=&#8221;off&#8221; button_two_text_color__hover=&#8221;null&#8221; button_one_border_width__hover_enabled=&#8221;off&#8221; button_one_border_width__hover=&#8221;null&#8221; button_two_border_width__hover_enabled=&#8221;off&#8221; button_two_border_width__hover=&#8221;null&#8221; button_one_border_color__hover_enabled=&#8221;off&#8221; button_one_border_color__hover=&#8221;null&#8221; button_two_border_color__hover_enabled=&#8221;off&#8221; button_two_border_color__hover=&#8221;null&#8221; button_one_border_radius__hover_enabled=&#8221;off&#8221; button_one_border_radius__hover=&#8221;null&#8221; button_two_border_radius__hover_enabled=&#8221;off&#8221; button_two_border_radius__hover=&#8221;null&#8221; button_one_letter_spacing__hover_enabled=&#8221;on&#8221; button_one_letter_spacing__hover=&#8221;0&#8243; button_two_letter_spacing__hover_enabled=&#8221;on&#8221; button_two_letter_spacing__hover=&#8221;0&#8243; button_one_bg_color__hover_enabled=&#8221;off&#8221; button_one_bg_color__hover=&#8221;null&#8221; button_two_bg_color__hover_enabled=&#8221;off&#8221; button_two_bg_color__hover=&#8221;null&#8221;][\/et_pb_fullwidth_header][\/et_pb_section][et_pb_section fb_built=&#8221;1&#8243; _builder_version=&#8221;4.16&#8243; global_colors_info=&#8221;{}&#8221;][et_pb_row admin_label=&#8221;Linha&#8221; _builder_version=&#8221;4.16&#8243; background_size=&#8221;initial&#8221; background_position=&#8221;top_left&#8221; background_repeat=&#8221;repeat&#8221; global_colors_info=&#8221;{}&#8221;][et_pb_column type=&#8221;4_4&#8243; _builder_version=&#8221;4.16&#8243; custom_padding=&#8221;|||&#8221; global_colors_info=&#8221;{}&#8221; custom_padding__hover=&#8221;|||&#8221;][et_pb_text admin_label=&#8221;Gest\u00e3o 2019 &#8211; 2021&#8243; _builder_version=&#8221;4.17.3&#8243; custom_padding=&#8221;15px||15px|20px&#8221; hover_enabled=&#8221;0&#8243; custom_css_main_element=&#8221;border-left: 5px solid #46c2d2;&#8221; border_style=&#8221;solid&#8221; global_colors_info=&#8221;{}&#8221; sticky_enabled=&#8221;0&#8243;]<\/p>\n<h2><strong>Gest\u00e3o atual<\/strong><\/h2>\n<p>[\/et_pb_text][\/et_pb_column][\/et_pb_row][et_pb_row column_structure=&#8221;1_2,1_2&#8243; _builder_version=&#8221;4.17.3&#8243; background_size=&#8221;initial&#8221; background_position=&#8221;top_left&#8221; background_repeat=&#8221;repeat&#8221; hover_enabled=&#8221;0&#8243; global_colors_info=&#8221;{}&#8221; sticky_enabled=&#8221;0&#8243;][et_pb_column type=&#8221;1_2&#8243; _builder_version=&#8221;4.16&#8243; custom_padding=&#8221;|||&#8221; global_colors_info=&#8221;{}&#8221; custom_padding__hover=&#8221;|||&#8221;][et_pb_text admin_label=&#8221;DIRETORIA EXECUTIVA&#8221; _builder_version=&#8221;4.17.3&#8243; hover_enabled=&#8221;0&#8243; border_style=&#8221;solid&#8221; global_colors_info=&#8221;{}&#8221; sticky_enabled=&#8221;0&#8243;]<\/p>\n<h4><strong>DIRETORIA EXECUTIVA<\/strong><\/h4>\n<p><strong>Presidente<\/strong>: Paulo Henrique Golambiuk<br \/><strong>Vice-Presidente<\/strong>: Vanessa Volpi Bellebarg Pal\u00e1cios<br \/><strong>Secret\u00e1rio-Geral<\/strong>: Luiz Paulo Muller Franqui<br \/><strong>2\u00aa Secret\u00e1ria<\/strong>: Mait\u00ea Chaves Nakad Marrez<br \/><strong>Tesoureiro<\/strong>: Julio Jacob J\u00fanior<br \/><strong>2\u00aa Tesoureira<\/strong>: Tailaine Cristina Costa<br \/><strong>Diretora de Informa\u00e7\u00f5es e Publica\u00e7\u00f5es<\/strong>: Nahomi Helena de Santana<br \/><strong>Vogal<\/strong>: Valqu\u00edria Aparecida de Carvalho<br \/><strong>Vogal<\/strong>: Juliano Glinski Pietzack<br \/><strong>Vogal<\/strong>: Jamile Ton Kuntz<\/p>\n<p>&nbsp;<\/p>\n<h4><strong>CONSELHO DE NOT\u00c1VEIS<\/strong><\/h4>\n<div>\n<p><strong>Presidente<\/strong>: Lu\u00eds Gustavo da Motta Severo da Silva<br \/><strong>Vice-presidente:<\/strong> Carla Cristine Karpstein<br \/><strong>Membro:<\/strong> Olivar Coneglian<br \/><strong>Membro:<\/strong> N\u00e9viton de Oliveira Batista Guedes<br \/><strong>Membro:<\/strong> Auracyr de Azevedo Moura Cordeiro<br \/><strong>Membro:<\/strong> Renato Cardoso de Almeida Andrade<br \/><strong>Membro:<\/strong> Munir Abagge<\/p>\n<\/div>\n<p>[\/et_pb_text][\/et_pb_column][et_pb_column type=&#8221;1_2&#8243; _builder_version=&#8221;4.16&#8243; custom_padding=&#8221;|||&#8221; global_colors_info=&#8221;{}&#8221; custom_padding__hover=&#8221;|||&#8221;][et_pb_text admin_label=&#8221;CONSELHO CONSULTIVO E CONSELHO FISCAL&#8221; _builder_version=&#8221;4.17.3&#8243; hover_enabled=&#8221;0&#8243; border_style=&#8221;solid&#8221; global_colors_info=&#8221;{}&#8221; sticky_enabled=&#8221;0&#8243;]<\/p>\n<h4><strong>CONSELHO CONSULTIVO<\/strong><\/h4>\n<p><strong>Presidente<\/strong>: Ana Carolina de Camargo Cl\u00e8ve<br \/><strong>Vice-Presidente<\/strong>: Orlando Mois\u00e9s Fischer Pessuti<br \/><strong>Membro<\/strong>: Luiz Gustavo de Andrade<br \/><strong>Membro<\/strong>: Fab\u00edola Roberti Coneglian<br \/><strong>Membro<\/strong>: Rog\u00e9rio Elias Carboni<strong><\/strong><\/p>\n<p>&nbsp;<\/p>\n<h4><strong>CONSELHO FISCAL<\/strong><\/h4>\n<div>Priscila Conti Bartolomeu<\/div>\n<div>Paulo Manuel Baptista de Sousa Val\u00e9rio<\/div>\n<div>Thiago Chamulera<\/div>\n<div>Pedro Henrique Val Feitosa<\/div>\n<p>[\/et_pb_text][\/et_pb_column][\/et_pb_row][\/et_pb_section]<\/p>\n","protected":false},"excerpt":{"rendered":"<p>Gest\u00e3o atualDIRETORIA EXECUTIVA Presidente: Paulo Henrique GolambiukVice-Presidente: Vanessa Volpi Bellebarg Pal\u00e1ciosSecret\u00e1rio-Geral: Luiz Paulo Muller Franqui2\u00aa Secret\u00e1ria: Mait\u00ea Chaves Nakad MarrezTesoureiro: Julio Jacob J\u00fanior2\u00aa Tesoureira: Tailaine Cristina CostaDiretora de Informa\u00e7\u00f5es e Publica\u00e7\u00f5es: Nahomi Helena de SantanaVogal: Valqu\u00edria Aparecida de CarvalhoVogal: Juliano Glinski PietzackVogal: Jamile Ton Kuntz &nbsp; CONSELHO DE NOT\u00c1VEIS Presidente: Lu\u00eds Gustavo da Motta Severo [&hellip;]<\/p>\n","protected":false},"author":1,"featured_media":0,"parent":0,"menu_order":0,"comment_status":"closed","ping_status":"closed","template":"","meta":{"_et_pb_use_builder":"on","_et_pb_old_content":"","_et_gb_content_width":""},"_links":{"self":[{"href":"https:\/\/www.iprade.com.br\/portal\/wp-json\/wp\/v2\/pages\/55"}],"collection":[{"href":"https:\/\/www.iprade.com.br\/portal\/wp-json\/wp\/v2\/pages"}],"about":[{"href":"https:\/\/www.iprade.com.br\/portal\/wp-json\/wp\/v2\/types\/page"}],"author":[{"embeddable":true,"href":"https:\/\/www.iprade.com.br\/portal\/wp-json\/wp\/v2\/users\/1"}],"replies":[{"embeddable":true,"href":"https:\/\/www.iprade.com.br\/portal\/wp-json\/wp\/v2\/comments?post=55"}],"version-history":[{"count":25,"href":"https:\/\/www.iprade.com.br\/portal\/wp-json\/wp\/v2\/pages\/55\/revisions"}],"predecessor-version":[{"id":4661,"href":"https:\/\/www.iprade.com.br\/portal\/wp-json\/wp\/v2\/pages\/55\/revisions\/4661"}],"wp:attachment":[{"href":"https:\/\/www.iprade.com.br\/portal\/wp-json\/wp\/v2\/media?parent=55"}],"curies":[{"name":"wp","href":"https:\/\/api.w.org\/{rel}","templated":true}]}}